{"id":3939,"date":"2023-07-20T13:45:43","date_gmt":"2023-07-20T13:45:43","guid":{"rendered":"https:\/\/fah-leather.com\/webshop\/?post_type=product&#038;p=3939"},"modified":"2023-07-20T13:47:23","modified_gmt":"2023-07-20T13:47:23","slug":"kvadratni-krzneni-tepih-3","status":"publish","type":"product","link":"https:\/\/fah-leather.com\/webshop\/product\/kvadratni-krzneni-tepih-3\/","title":{"rendered":"Kvadratni krzneni tepih"},"content":{"rendered":"","protected":false},"excerpt":{"rendered":"<p>Krzneni tepih je luksuzan i rasko\u0161an komad dekoracije koji pru\u017ea toplinu, udobnost i eleganciju svakom prostoru. Izra\u0111en od visokokvalitetnih i mekanih prirodnih materijala, ovaj tepih donosi sofisticiranu i prefinjenu atmosferu u va\u0161 dom ili radni prostor.<\/p>\n","protected":false},"featured_media":3940,"comment_status":"open","ping_status":"closed","template":"","meta":[],"product_brand":[],"product_cat":[96],"product_tag":[],"class_list":{"0":"post-3939","1":"product","2":"type-product","3":"status-publish","4":"has-post-thumbnail","6":"product_cat-kvadratni","8":"first","9":"instock","10":"taxable","11":"shipping-taxable","12":"purchasable","13":"product-type-simple"},"_links":{"self":[{"href":"https:\/\/fah-leather.com\/webshop\/wp-json\/wp\/v2\/product\/3939","targetHints":{"allow":["GET"]}}],"collection":[{"href":"https:\/\/fah-leather.com\/webshop\/wp-json\/wp\/v2\/product"}],"about":[{"href":"https:\/\/fah-leather.com\/webshop\/wp-json\/wp\/v2\/types\/product"}],"replies":[{"embeddable":true,"href":"https:\/\/fah-leather.com\/webshop\/wp-json\/wp\/v2\/comments?post=3939"}],"wp:featuredmedia":[{"embeddable":true,"href":"https:\/\/fah-leather.com\/webshop\/wp-json\/wp\/v2\/media\/3940"}],"wp:attachment":[{"href":"https:\/\/fah-leather.com\/webshop\/wp-json\/wp\/v2\/media?parent=3939"}],"wp:term":[{"taxonomy":"product_brand","embeddable":true,"href":"https:\/\/fah-leather.com\/webshop\/wp-json\/wp\/v2\/product_brand?post=3939"},{"taxonomy":"product_cat","embeddable":true,"href":"https:\/\/fah-leather.com\/webshop\/wp-json\/wp\/v2\/product_cat?post=3939"},{"taxonomy":"product_tag","embeddable":true,"href":"https:\/\/fah-leather.com\/webshop\/wp-json\/wp\/v2\/product_tag?post=3939"}],"curies":[{"name":"wp","href":"https:\/\/api.w.org\/{rel}","templated":true}]}}